pose -s - n = -3*q. What is the units digit of q?
3
Suppose -5 = -j - 2. Let c be (3/(j/(-4)))/(-1). Suppose -2*z = c*l - 10, 4*z - 12 = -8*l + 4*l. What is the units digit of l?
2
Suppose -3*c = -0*c. Suppose c*w - 6 = w. Let x = 10 - w. What is the tens digit of x?
1
Let t = -13 + 65. Suppose -3*s - t = -7*s. What is the units digit of s?
3
Let x(w) = 4*w + 2*w**3 + 0*w**3 + 3 - 3*w**3 + 4*w**2. What is the units digit of x(4)?
9
Suppose -9*x = -1840 - 581. What is the tens digit of x?
6
Suppose -2*j - 1 + 5 = 0. Suppose -3*q + 7*l - 3*l + 1 = 0, 4 = 2*q - j*l. What is the units digit of q?
7
Let v = -730 - -1074. What is the units digit of v?
4
Suppose 5*f + 4*g - 3 = -10, 4*f + 3*g + 6 = 0. Let s(h) = -14*h + 9. Let u be s(f). Let k = -27 + u. What is the tens digit of k?
2
Suppose -4*g = -7*g + 9. Suppose -g*m - m = 228. What is the units digit of -4 - 12/(-3) - m?
7
Suppose -92*k + 94*k - 1954 = 0. What is the units digit of k?
7
Let v = -15 - -22. Let h be -1*(-2 + v)*-43. What is the units digit of (-1)/2 - h/(-10)?
1
Let b(u) = -15*u - 20. Let r be b(-8). Let y = r - 47. What is the units digit of y?
3
Let k(o) = o**2 + 6*o + 2. Let w be k(-5). What is the units digit of 58 - (-8)/(20/(-4) - w)?
4
Let t be 10/(3 + -8 - -3). Let c = 79 - t. What is the units digit of c?
4
Let v be 4/5*(0 + -1 + -4). Let n(q) = 6*q**2 - 2*q - 7. What is the units digit of n(v)?
7
Suppose v - 5 = 0, -4*l - 2*v - 3*v = -2145. What is the hundreds digit of l?
5
Let r be 164849/(-68) + 2/8. What is the tens digit of r/(-48) - (-1)/(-2)?
5
Suppose -2*i + 10 = -i - 2*a, 15 = -4*i - 3*a. Suppose -14 = -i*b + 2*b. Let x = b + 10. What is the units digit of x?
3
Let v = -880 - -1540. What is the units digit of v?
0
Let l(y) = 2*y**2 - 5*y + 34. What is the hundreds digit of l(-17)?
6
Let n = 758 + 1041. What is the units digit of n?
9
Let j be 35 + -1 + (-16)/8. Suppose -13*q + 15*q - j = 0. What is the units digit of q?
6
Suppose 4*y + 167 = -2*m + 5*m, y = -m - 47. Let u = y + 109. What is the units digit of u?
5
Let j(v) = -18*v**3. Let r be j(1). Let w = r - -43. Suppose 4*u = 51 + w. What is the units digit of u?
9
Suppose 4*m + 2*o - 18 = 0, 0 = -5*m - 4*o + 21 - 3. What is the units digit of (m/9)/(8/444)?
7
Suppose 4*f - 8 = -0*f. Suppose f*a + 48 = 140. What is the tens digit of a?
4
Let s be ((1 + 0)*-4)/((-24)/(-60)). Let u(r) = r**3 + 10*r**2 - 6*r + 19. What is the units digit of u(s)?
9
Let p(i) = 15*i**3 - 3*i**2 + 2*i + 1. Let c be p(2). Let k = c - 48. What is the units digit of k?
5
What is the tens digit of (-84)/6*(1 - (0 - -14))?
8
Let n(p) = 6 - 10*p - 15 + 1 - 17. What is the units digit of n(-9)?
5
Let w be (-307)/(-5) - (-26)/(-65). Let g(p) = p**2 - 4*p - 3. Let n be g(4). Let s = n + w. What is the tens digit of s?
5
Suppose 0 = 2*g + 3*g - 5*d - 1535, -619 = -2*g + 3*d. Suppose -17*m + 19*m - g = 0. What is the units digit of m?
1
Suppose 5*f = 10, -3*d + 8*d = -4*f + 703. What is the tens digit of d?
3
What is the hundreds digit of (5 - -339) + (0 + -4 - -7)?
3
Let w(s) = 4*s**2 - 21*s + 25. What is the units digit of w(12)?
9
Let h = 427 - -198. What is the units digit of h?
5
Suppose y + 12 = 4*z, -6*z + 2 = 2*y - z. What is the units digit of (-798)/(-14) + (0 - y)?
1
Let f = -199 + 359. Suppose -t + f = 2*w, 229 = 5*w + 4*t - 171. What is the units digit of w?
0
Let p be (-92)/(-22) - (-2)/(-11). Let a be 0 + 25 + -2 + p. Let x = a + -14. What is the tens digit of x?
1
Suppose -14*i - 218 = -176. Let k(f) = f - 1. Let s be k(2). What is the tens digit of s*(1 + (i - -64))?
6
Let t = 43 - 50. Let q = 25 + t. What is the tens digit of q?
1
Let p(f) = 39*f - 1. Let o be p(-1). Suppose k = -8*k - 594. Let z = o - k. What is the tens digit of z?
2
Let b(s) = -s**3 + 13*s**2 - 20*s + 3. Let r be b(9). What is the tens digit of ((-1687)/r - 1/(-7))*-3?
3
Let b = 2042 + -2018. What is the tens digit of b?
2
Let q = 1527 + -1045. What is the hundreds digit of q?
4
Let m(u) = -u**3 + 3*u + 3. Let z be m(-2). Suppose 20 - 10 = z*y. Suppose -5*c + 3*i = -55, -c + y = -2*i - 9. What is the units digit of c?
1
Let c = -41 - -50. Suppose 0*n + c*n = 1143. What is the units digit of n?
7
Suppose -5*z + 39 = -36. Let w be (z + 0 - 3) + -1. Let l(p) = -p**2 + 11*p + 6. What is the units digit of l(w)?
6
Let o = -70 - -72. What is the tens digit of (90/8)/(o/8)?
4
Let q(y) be the third derivative of -y**4/12 + y**3/6 - 5*y**2. Let h be q(-2). Suppose 116 = -0*m + 4*m + r, h*m - 136 = r. What is the tens digit of m?
2
Let n = 1163 - 499. What is the hundreds digit of n?
6
What is the hundreds digit of 511/(-2)*(-39 - -37)?
5
Let v(x) = 2*x**3 - 3*x**2 - x + 6. Let a be v(0). Let k(c) = c**3 - 6*c**2 + 9*c - 11. What is the tens digit of k(a)?
4
Suppose -164 = -4*o + 516. Suppose -o = -6*d + 82. What is the units digit of d?
2
Suppose -4*c + 1439 = -3*l - 2330, 0 = -4*c + 4*l + 3764. What is the hundreds digit of c?
9
Let u(w) = w**3 - 21*w**2 - w - 24. Let j be u(21). What is the tens digit of 2/(-3)*(j + -9)?
3
What is the tens digit of 761/3 - ((-22)/3 + 8)?
5
Let d = 60 + -56. What is the units digit of ((-14)/d)/((-11)/(-66))*-1?
1
Suppose 15 = -5*j + 8*j. Suppose 2*w - 5*i + 8 = 6*w, 0 = -5*w + 3*i + 47. Let y = j + w. What is the tens digit of y?
1
Suppose 0 = 2*x + 10, -46*w + 42*w = -x - 5189. What is the hundreds digit of w?
2
What is the thousands digit of (3 - 90/(-14))/((-4)/(-644))?
1
Let i(s) = -s**3 - 7*s**2 + 9*s + 12. Let t be i(-8). Let p(v) = 18*v - 3. What is the tens digit of p(t)?
6
Let y be (1 + 9/15)*5. Suppose 18 = 2*a + y. Suppose -5*h - 99 + 254 = d, 3*d = a*h - 175. What is the units digit of h?
2
Let i(s) = -s**3 + 9*s**2 - 7*s - 6. Let k be i(8). Suppose 3*m - 110 = k*m. What is the tens digit of m?
1
What is the units digit of -3 + 0/(8 - 3) + 9?
6
Let n(w) = 17*w - 8. Suppose -25 = -5*c - 5. Let u be n(c). Let m = u + -32. What is the tens digit of m?
2
Let j(i) = -109*i - 433. What is the tens digit of j(-7)?
3
Let x(n) = n**3 - 8*n**2 + 14*n - 9. Let f be x(6). What is the hundreds digit of f + (-7176)/(-28) + 10/(-35)?
2
Let b = -13 - -11. Let m be ((-3)/b)/(3/20). Suppose o + 7*s = 2*s - m, -2*o = s - 25. What is the tens digit of o?
1
Let t(q) = 5*q + 2. Let u(h) = 11*h + 3. Let r(s) = -5*t(s) + 2*u(s). What is the units digit of r(-10)?
6
Suppose -7*d + 351 = -4*d. Suppose -d*b = -112*b - 1505. What is the units digit of b?
1
Let a = 612 - -2464. What is the thousands digit of a?
3
Suppose 2*s = -s + 4521. What is the hundreds digit of s?
5
Let t = 57 + -27. Suppose -m + 2*j = -222 + t, -586 = -3*m - 4*j. What is the hundreds digit of m?
1
Let d = 17 - 14. Suppose 0 = -d*k + 5*s - 42, 38 = -3*k + 4*s - 4. What is the units digit of k/(-21) + (-44)/(-6)?
8
Let z = -1992 + 2208. What is the hundreds digit of z?
2
Suppose 0 = 4*f - 6*f + 68. Let d = f + -67. What is the tens digit of (21/(-9))/7*d?
1
Suppose -4*z - 911 = -27. Let q = 430 + z. What is the units digit of q?
9
Let m be 4/(60/27) + 2/10. Suppose 5*y - 778 = v, m*y + 3*y = 4*v + 772. What is the tens digit of y?
5
What is the tens digit of (-2277)/(-6) - ((-36)/8 - -3)?
8
Let i = 20 - 17. Suppose 4*b - 3*s = -11, -i*s + 19 = 3*b + b. What is the units digit of b?
1
Suppose 5*q + 23 = -4*l, -38 = 3*l + 2*l - 3*q. Let n(i) = -12*i - 12. Let h(x) = 22*x + 23. Let k(c) = -3*h(c) - 5*n(c). What is the tens digit of k(l)?
3
Let j be -3 + 1 - (4 + (-4 - -8)). Let i(y) = y + 44. What is the units digit of i(j)?
4
Let f = 47 + -45. Let b = 25 + f. What is the units digit of b?
7
Let v(r) = 169*r**3 - 3*r**2 + 6*r - 11. Let a(m) = 56*m**3 - m**2 + 2*m - 4. Let q(l) = -8*a(l) + 3*v(l). What is the tens digit of q(1)?
5
What is the tens digit of 6/4*7084/33?
2
Let k = 2133 + -631. What is the tens digit of k?
0
What is the tens digit of ((-40878)/(-24))/(24/32)?
7
Let b(l) = l**2 + 7*l + 8. Let o be b(-6). Suppose -2*i - 5*j = -0*i + 33, 0 = -4*i + o*j - 78. Let m = 29 + i. What is the tens digit of m?
1
Suppose 3*r = 5*q + 31, 4 = -4*r - 5*q - 13. Suppose 0 = r*d + d - 12. Suppose 5*u = d*f + f - 105, 3*f + 4*u = 84. What is the tens digit of f?
2
Suppose 0 = -21*b - 25*b + 40710. What is the tens digit of b?
8
Suppose -s = -5*s. Suppose s*p + 34 = p - 4*f, -